{"id":1627,"date":"2025-07-13T11:31:47","date_gmt":"2025-07-13T11:31:47","guid":{"rendered":"https:\/\/bosforcosmetic.com\/?product=guerlain-mon-edp"},"modified":"2025-07-13T11:31:48","modified_gmt":"2025-07-13T11:31:48","slug":"guerlain-mon-edp","status":"publish","type":"product","link":"https:\/\/bosforcosmetic.com\/?product=guerlain-mon-edp","title":{"rendered":"GUERLAIN MON EDP"},"content":{"rendered":"<p><strong>Guerlain Mon Guerlain EDP<\/strong>, feminen ve sofistike bir parf&uuml;m arayan kad\u0131nlar i&ccedil;in tasarlanm\u0131\u015ft\u0131r. Lavanta ve vanilyan\u0131n benzersiz birle\u015fimi, bu parf&uuml;me s\u0131cak, rahatlat\u0131c\u0131 ve ayn\u0131 zamanda zarif bir hava katmaktad\u0131r. <strong>Mon Guerlain<\/strong>, modern kad\u0131n\u0131n zarafetini ve g&uuml;c&uuml;n&uuml; simgelerken, derinlikli ve ba\u015ftan &ccedil;\u0131kar\u0131c\u0131 kokusuyla dikkat &ccedil;eker.<\/p>\n<ul>\n<li><strong>&Uuml;st Notalar:<\/strong> Lavanta ve bergamot, taze ve hafif bir a&ccedil;\u0131l\u0131\u015f yaparak parf&uuml;me ferah bir etki sa\u011flar.<\/li>\n<li><strong>Orta Notalar:<\/strong> Yasemin ve iris, &ccedil;i&ccedil;eksi ve zarif bir dokunu\u015f ekler, parf&uuml;me derinlik kazand\u0131r\u0131r.<\/li>\n<li><strong>Dip Notalar:<\/strong> Vanilya, sandal a\u011fac\u0131 ve tonka fasulyesi, parf&uuml;me s\u0131cak, tatl\u0131 ve odunsu bir kapan\u0131\u015f yaparak kal\u0131c\u0131 bir iz b\u0131rak\u0131r.<\/li>\n<\/ul>\n<p><strong>Guerlain Mon Guerlain EDP<\/strong>, hem g&uuml;nl&uuml;k hem de &ouml;zel anlar i&ccedil;in m&uuml;kemmel bir tercihtir. Kadifemsi ve zarif yap\u0131s\u0131yla, her ortamda kendinizi &ouml;zel hissetmenizi sa\u011flar. Hem modern hem de klasik bir dokunu\u015f sunarak, feminenli\u011finizi ve zarafetinizi &ccedil;evrenize yans\u0131t\u0131r.<\/p>\n","protected":false},"excerpt":{"rendered":"<p>Guerlain Mon Guerlain EDP, feminen ve sofistike bir parf&uuml;m arayan kad\u0131nlar i&ccedil;in tasarlanm\u0131\u015ft\u0131r. Lavanta ve vanilyan\u0131n benzersiz birle\u015fimi, bu parf&uuml;me<\/p>\n","protected":false},"featured_media":1629,"comment_status":"closed","ping_status":"open","template":"","meta":[],"product_brand":[],"product_cat":[68],"product_tag":[],"class_list":{"0":"post-1627","1":"product","2":"type-product","3":"status-publish","4":"has-post-thumbnail","6":"product_cat-womens-perfume","8":"first","9":"instock","10":"purchasable","11":"product-type-simple"},"_links":{"self":[{"href":"https:\/\/bosforcosmetic.com\/index.php?rest_route=\/wp\/v2\/product\/1627","targetHints":{"allow":["GET"]}}],"collection":[{"href":"https:\/\/bosforcosmetic.com\/index.php?rest_route=\/wp\/v2\/product"}],"about":[{"href":"https:\/\/bosforcosmetic.com\/index.php?rest_route=\/wp\/v2\/types\/product"}],"replies":[{"embeddable":true,"href":"https:\/\/bosforcosmetic.com\/index.php?rest_route=%2Fwp%2Fv2%2Fcomments&post=1627"}],"version-history":[{"count":1,"href":"https:\/\/bosforcosmetic.com\/index.php?rest_route=\/wp\/v2\/product\/1627\/revisions"}],"predecessor-version":[{"id":1628,"href":"https:\/\/bosforcosmetic.com\/index.php?rest_route=\/wp\/v2\/product\/1627\/revisions\/1628"}],"wp:featuredmedia":[{"embeddable":true,"href":"https:\/\/bosforcosmetic.com\/index.php?rest_route=\/wp\/v2\/media\/1629"}],"wp:attachment":[{"href":"https:\/\/bosforcosmetic.com\/index.php?rest_route=%2Fwp%2Fv2%2Fmedia&parent=1627"}],"wp:term":[{"taxonomy":"product_brand","embeddable":true,"href":"https:\/\/bosforcosmetic.com\/index.php?rest_route=%2Fwp%2Fv2%2Fproduct_brand&post=1627"},{"taxonomy":"product_cat","embeddable":true,"href":"https:\/\/bosforcosmetic.com\/index.php?rest_route=%2Fwp%2Fv2%2Fproduct_cat&post=1627"},{"taxonomy":"product_tag","embeddable":true,"href":"https:\/\/bosforcosmetic.com\/index.php?rest_route=%2Fwp%2Fv2%2Fproduct_tag&post=1627"}],"curies":[{"name":"wp","href":"https:\/\/api.w.org\/{rel}","templated":true}]}}