{"id":1564,"date":"2025-07-13T11:31:37","date_gmt":"2025-07-13T11:31:37","guid":{"rendered":"https:\/\/bosforcosmetic.com\/?product=jimmy-choo-i-want-choo-forever-edp-100-ml"},"modified":"2025-07-13T11:31:37","modified_gmt":"2025-07-13T11:31:37","slug":"jimmy-choo-i-want-choo-forever-edp-100-ml","status":"publish","type":"product","link":"https:\/\/bosforcosmetic.com\/?product=jimmy-choo-i-want-choo-forever-edp-100-ml","title":{"rendered":"JIMMY CHOO I WANT CHOO FOREVER EDP 100 ML"},"content":{"rendered":"<div class=\"flex max-w-full flex-col flex-grow\">\n<div data-message-author-role=\"assistant\" data-message-id=\"44340ba2-4b8c-4aaa-b46e-62982e1b467b\" dir=\"auto\" class=\"min-h-8 text-message flex w-full flex-col items-end gap-2 whitespace-normal break-words text-start [.text-message+&amp;]:mt-5\" data-message-model-slug=\"gpt-4o-mini\">\n<div class=\"flex w-full flex-col gap-1 empty:hidden first:pt-[3px]\">\n<div class=\"markdown prose w-full break-words dark:prose-invert light\">\n<p><strong>Jimmy Choo I Want Choo Forever EDP<\/strong>, zarafeti ve &ouml;zg&uuml;veni yans\u0131tan, &ccedil;i&ccedil;eksi ve oryantal notalar\u0131n b&uuml;y&uuml;leyici uyumuna sahip bir parf&uuml;md&uuml;r. Bu parf&uuml;m, modern kad\u0131n\u0131n sofistike ve &ccedil;ekici y&ouml;nlerini &ouml;n plana &ccedil;\u0131kar\u0131rken, kal\u0131c\u0131 ve etkileyici bir iz b\u0131rak\u0131r.<\/p>\n<ul>\n<li><strong>&Uuml;st Notalar:<\/strong> Canland\u0131r\u0131c\u0131 k\u0131rm\u0131z\u0131 meyve notalar\u0131, ferahlat\u0131c\u0131 ve enerjik bir etki yarat\u0131r.<\/li>\n<li><strong>Orta Notalar:<\/strong> Yasemin ve beyaz g&uuml;l buketi, zarif ve feminen bir dokunu\u015f katarak parf&uuml;m&uuml;n kalbini olu\u015fturur.<\/li>\n<li><strong>Dip Notalar:<\/strong> Vanilya ve pa&ccedil;uli ile s\u0131cak ve kal\u0131c\u0131 bir etki b\u0131rakarak, parf&uuml;m&uuml; tamamlar.<\/li>\n<\/ul>\n<p>Jimmy Choo <strong>I Want Choo Forever EDP<\/strong>, her ortamda dikkat &ccedil;ekici ve kal\u0131c\u0131 bir etki b\u0131rakmak isteyen kad\u0131nlar i&ccedil;in m&uuml;kemmel bir tercihtir. Hem g&uuml;nd&uuml;z hem de gece kullan\u0131m\u0131 i&ccedil;in ideal olan bu parf&uuml;m, sofistike ve zarif bir koku arayan herkesin vazge&ccedil;ilmezi olacakt\u0131r.<\/p>\n<\/div>\n<\/div>\n<\/div>\n<\/div>\n","protected":false},"excerpt":{"rendered":"<p>Jimmy Choo I Want Choo Forever EDP, zarafeti ve &ouml;zg&uuml;veni yans\u0131tan, &ccedil;i&ccedil;eksi ve oryantal notalar\u0131n b&uuml;y&uuml;leyici uyumuna sahip bir parf&uuml;md&uuml;r.<\/p>\n","protected":false},"featured_media":1566,"comment_status":"closed","ping_status":"open","template":"","meta":[],"product_brand":[101],"product_cat":[68],"product_tag":[],"class_list":{"0":"post-1564","1":"product","2":"type-product","3":"status-publish","4":"has-post-thumbnail","6":"product_brand-jimmy-choo","7":"product_cat-womens-perfume","9":"first","10":"instock","11":"purchasable","12":"product-type-simple"},"_links":{"self":[{"href":"https:\/\/bosforcosmetic.com\/index.php?rest_route=\/wp\/v2\/product\/1564","targetHints":{"allow":["GET"]}}],"collection":[{"href":"https:\/\/bosforcosmetic.com\/index.php?rest_route=\/wp\/v2\/product"}],"about":[{"href":"https:\/\/bosforcosmetic.com\/index.php?rest_route=\/wp\/v2\/types\/product"}],"replies":[{"embeddable":true,"href":"https:\/\/bosforcosmetic.com\/index.php?rest_route=%2Fwp%2Fv2%2Fcomments&post=1564"}],"version-history":[{"count":1,"href":"https:\/\/bosforcosmetic.com\/index.php?rest_route=\/wp\/v2\/product\/1564\/revisions"}],"predecessor-version":[{"id":1565,"href":"https:\/\/bosforcosmetic.com\/index.php?rest_route=\/wp\/v2\/product\/1564\/revisions\/1565"}],"wp:featuredmedia":[{"embeddable":true,"href":"https:\/\/bosforcosmetic.com\/index.php?rest_route=\/wp\/v2\/media\/1566"}],"wp:attachment":[{"href":"https:\/\/bosforcosmetic.com\/index.php?rest_route=%2Fwp%2Fv2%2Fmedia&parent=1564"}],"wp:term":[{"taxonomy":"product_brand","embeddable":true,"href":"https:\/\/bosforcosmetic.com\/index.php?rest_route=%2Fwp%2Fv2%2Fproduct_brand&post=1564"},{"taxonomy":"product_cat","embeddable":true,"href":"https:\/\/bosforcosmetic.com\/index.php?rest_route=%2Fwp%2Fv2%2Fproduct_cat&post=1564"},{"taxonomy":"product_tag","embeddable":true,"href":"https:\/\/bosforcosmetic.com\/index.php?rest_route=%2Fwp%2Fv2%2Fproduct_tag&post=1564"}],"curies":[{"name":"wp","href":"https:\/\/api.w.org\/{rel}","templated":true}]}}