{"id":1438,"date":"2025-07-13T11:31:15","date_gmt":"2025-07-13T11:31:15","guid":{"rendered":"https:\/\/bosforcosmetic.com\/?product=emporio-armani-stronger-with-you-leather-edp-100-ml"},"modified":"2025-07-13T11:31:16","modified_gmt":"2025-07-13T11:31:16","slug":"emporio-armani-stronger-with-you-leather-edp-100-ml","status":"publish","type":"product","link":"https:\/\/bosforcosmetic.com\/?product=emporio-armani-stronger-with-you-leather-edp-100-ml","title":{"rendered":"EMPOR\u0130O ARMAN\u0130 STRONGER W\u0130TH YOU LEATHER EDP 100 ML"},"content":{"rendered":"<p><strong>Emporio Armani Stronger With You Leather EDP 100 ml Erkek Parf&uuml;m<\/strong>, derinin derin, s\u0131cak ve sofistike etkisini odunsu, baharatl\u0131 ve tatl\u0131 notalarla harmanlayan g&uuml;&ccedil;l&uuml; bir koku. Erkek parf&uuml;mleri aras\u0131nda, mask&uuml;len ve &ouml;zg&uuml;venli duru\u015fuyla dikkat &ccedil;eker. Deri notas\u0131, hem zarif hem de cesur bir hava yaratarak parf&uuml;m&uuml; e\u015fsiz k\u0131lar.<\/p>\n<ul>\n<li><strong>&Uuml;st Notalar:<\/strong> <strong>Safran<\/strong> ve <strong>bergamot<\/strong> ile ferah bir a&ccedil;\u0131l\u0131\u015f yapan parf&uuml;m, ba\u015flarken bile g&uuml;&ccedil;l&uuml; bir etki yarat\u0131r.<\/li>\n<li><strong>Orta Notalar:<\/strong> <strong>Kakao<\/strong> ve <strong>ada&ccedil;ay\u0131<\/strong> gibi yo\u011fun, baharatl\u0131 ve hafif tatl\u0131 notalar, parf&uuml;me s\u0131cakl\u0131k katarak kalp k\u0131sm\u0131n\u0131 olu\u015fturur.<\/li>\n<li><strong>Alt Notalar:<\/strong> <strong>Deri<\/strong>, <strong>amber<\/strong> ve <strong>vanilya<\/strong> alt notalar\u0131yla derin, s\u0131cak ve kal\u0131c\u0131 bir kapan\u0131\u015f sa\u011flar. Bu kombinasyon, parf&uuml;m&uuml;n uzun s&uuml;re v&uuml;cutta kalmas\u0131na yard\u0131mc\u0131 olur.<\/li>\n<\/ul>\n<p><strong>Emporio Armani Stronger With You Leather<\/strong>, &ouml;zellikle yo\u011fun, mask&uuml;len parf&uuml;mlerden ho\u015flanan erkekler i&ccedil;in tasarlanm\u0131\u015ft\u0131r. Bu parf&uuml;m, her durumda kendinizi g&uuml;&ccedil;l&uuml; ve &ccedil;ekici hissetmenizi sa\u011flar. Deri notalar\u0131n\u0131n zarif ama karizmatik etkisi, sizi &ccedil;evrenizdeki herkese farkl\u0131 bir \u015fekilde tan\u0131t\u0131r.<\/p>\n<p>Stronger With You Leather, sofistike, l&uuml;ks bir parf&uuml;m arayanlar i&ccedil;in m&uuml;kemmel bir se&ccedil;imdir. S\u0131cak ve derin etkisiyle hem g&uuml;ndelik kullan\u0131mda hem de &ouml;zel anlarda etkileyici bir iz b\u0131rak\u0131r.<\/p>\n","protected":false},"excerpt":{"rendered":"<p>Emporio Armani Stronger With You Leather EDP 100 ml Erkek Parf&uuml;m, derinin derin, s\u0131cak ve sofistike etkisini odunsu, baharatl\u0131 ve<\/p>\n","protected":false},"featured_media":1440,"comment_status":"closed","ping_status":"open","template":"","meta":[],"product_brand":[72],"product_cat":[66],"product_tag":[],"class_list":{"0":"post-1438","1":"product","2":"type-product","3":"status-publish","4":"has-post-thumbnail","6":"product_brand-emporio-armani","7":"product_cat-mens-perfume","9":"first","10":"instock","11":"purchasable","12":"product-type-simple"},"_links":{"self":[{"href":"https:\/\/bosforcosmetic.com\/index.php?rest_route=\/wp\/v2\/product\/1438","targetHints":{"allow":["GET"]}}],"collection":[{"href":"https:\/\/bosforcosmetic.com\/index.php?rest_route=\/wp\/v2\/product"}],"about":[{"href":"https:\/\/bosforcosmetic.com\/index.php?rest_route=\/wp\/v2\/types\/product"}],"replies":[{"embeddable":true,"href":"https:\/\/bosforcosmetic.com\/index.php?rest_route=%2Fwp%2Fv2%2Fcomments&post=1438"}],"version-history":[{"count":1,"href":"https:\/\/bosforcosmetic.com\/index.php?rest_route=\/wp\/v2\/product\/1438\/revisions"}],"predecessor-version":[{"id":1439,"href":"https:\/\/bosforcosmetic.com\/index.php?rest_route=\/wp\/v2\/product\/1438\/revisions\/1439"}],"wp:featuredmedia":[{"embeddable":true,"href":"https:\/\/bosforcosmetic.com\/index.php?rest_route=\/wp\/v2\/media\/1440"}],"wp:attachment":[{"href":"https:\/\/bosforcosmetic.com\/index.php?rest_route=%2Fwp%2Fv2%2Fmedia&parent=1438"}],"wp:term":[{"taxonomy":"product_brand","embeddable":true,"href":"https:\/\/bosforcosmetic.com\/index.php?rest_route=%2Fwp%2Fv2%2Fproduct_brand&post=1438"},{"taxonomy":"product_cat","embeddable":true,"href":"https:\/\/bosforcosmetic.com\/index.php?rest_route=%2Fwp%2Fv2%2Fproduct_cat&post=1438"},{"taxonomy":"product_tag","embeddable":true,"href":"https:\/\/bosforcosmetic.com\/index.php?rest_route=%2Fwp%2Fv2%2Fproduct_tag&post=1438"}],"curies":[{"name":"wp","href":"https:\/\/api.w.org\/{rel}","templated":true}]}}