{"id":1357,"date":"2025-07-13T11:30:55","date_gmt":"2025-07-13T11:30:55","guid":{"rendered":"https:\/\/bosforcosmetic.com\/?product=giorgio-armani-acqua-di-gioia"},"modified":"2025-07-13T11:30:57","modified_gmt":"2025-07-13T11:30:57","slug":"giorgio-armani-acqua-di-gioia","status":"publish","type":"product","link":"https:\/\/bosforcosmetic.com\/?product=giorgio-armani-acqua-di-gioia","title":{"rendered":"G\u0130ORG\u0130O ARMAN\u0130 ACQUA D\u0130 G\u0130O\u0130A"},"content":{"rendered":"<p><strong>Giorgio Armani Acqua di Gioia Femme EDP 100 ml Kad\u0131n Parf&uuml;m<\/strong>, do\u011fan\u0131n tazeli\u011finden ilham alarak yarat\u0131lm\u0131\u015f, zarif ve ba\u015ftan &ccedil;\u0131kar\u0131c\u0131 bir kokudur. Ferah akvatik notalar ve &ccedil;i&ccedil;eksi dokunu\u015flarla, taze ve do\u011fal bir his yarat\u0131rken, kal\u0131c\u0131l\u0131\u011f\u0131 ile g&uuml;n boyu etkileyici bir iz b\u0131rak\u0131r. Modern ve sofistike kad\u0131nlar i&ccedil;in m&uuml;kemmel bir se&ccedil;im olan <strong>Acqua di Gioia Femme<\/strong>, her an\u0131n\u0131z\u0131 &ouml;zel k\u0131lacak bir parf&uuml;md&uuml;r.<\/p>\n<ul>\n<li><strong>&Uuml;st Notalar:<\/strong> Limon ve nane, parf&uuml;m&uuml;n ba\u015f\u0131nda taze ve ferah bir etki yarat\u0131r. Bu enerji verici a&ccedil;\u0131l\u0131\u015f, do\u011fan\u0131n tazeli\u011fini yans\u0131t\u0131r.<\/li>\n<li><strong>Orta Notalar:<\/strong> Yasemin ve \u015feftali &ccedil;i&ccedil;e\u011fi, parf&uuml;m&uuml;n kalbinde zarif ve &ccedil;i&ccedil;eksi bir dokunu\u015f sunar. Bu notalar, kad\u0131n\u0131n do\u011fall\u0131\u011f\u0131n\u0131 ve zarafetini &ouml;n plana &ccedil;\u0131kar\u0131r.<\/li>\n<li><strong>Alt Notalar:<\/strong> \u015eekerli ak&ccedil;aa\u011fa&ccedil;, kahverengi \u015feker ve balsamik notalar, s\u0131cak ve hafif tatl\u0131 bir dokunu\u015f sunarak kokunun kal\u0131c\u0131l\u0131\u011f\u0131n\u0131 art\u0131r\u0131r.<\/li>\n<\/ul>\n<p><strong>Giorgio Armani Acqua di Gioia Femme<\/strong>, do\u011fadan ilham alarak tasarlanm\u0131\u015f sofistike ve zarif bir parf&uuml;md&uuml;r. Do\u011fal g&uuml;zellikleri ve ferah akvatik dokusu ile her kullan\u0131mda ruhunuzu canland\u0131r\u0131r ve etraf\u0131n\u0131zdakileri b&uuml;y&uuml;ler.<\/p>\n<p><strong>Giorgio Armani Acqua di Gioia Femme ile taze, sofistike ve kal\u0131c\u0131 bir koku deneyimi ya\u015fay\u0131n!<\/strong><\/p>\n","protected":false},"excerpt":{"rendered":"<p>Giorgio Armani Acqua di Gioia Femme EDP 100 ml Kad\u0131n Parf&uuml;m, do\u011fan\u0131n tazeli\u011finden ilham alarak yarat\u0131lm\u0131\u015f, zarif ve ba\u015ftan &ccedil;\u0131kar\u0131c\u0131<\/p>\n","protected":false},"featured_media":1359,"comment_status":"closed","ping_status":"open","template":"","meta":[],"product_brand":[69],"product_cat":[68],"product_tag":[],"class_list":{"0":"post-1357","1":"product","2":"type-product","3":"status-publish","4":"has-post-thumbnail","6":"product_brand-giorgio-armani","7":"product_cat-womens-perfume","9":"first","10":"instock","11":"purchasable","12":"product-type-simple"},"_links":{"self":[{"href":"https:\/\/bosforcosmetic.com\/index.php?rest_route=\/wp\/v2\/product\/1357","targetHints":{"allow":["GET"]}}],"collection":[{"href":"https:\/\/bosforcosmetic.com\/index.php?rest_route=\/wp\/v2\/product"}],"about":[{"href":"https:\/\/bosforcosmetic.com\/index.php?rest_route=\/wp\/v2\/types\/product"}],"replies":[{"embeddable":true,"href":"https:\/\/bosforcosmetic.com\/index.php?rest_route=%2Fwp%2Fv2%2Fcomments&post=1357"}],"version-history":[{"count":1,"href":"https:\/\/bosforcosmetic.com\/index.php?rest_route=\/wp\/v2\/product\/1357\/revisions"}],"predecessor-version":[{"id":1358,"href":"https:\/\/bosforcosmetic.com\/index.php?rest_route=\/wp\/v2\/product\/1357\/revisions\/1358"}],"wp:featuredmedia":[{"embeddable":true,"href":"https:\/\/bosforcosmetic.com\/index.php?rest_route=\/wp\/v2\/media\/1359"}],"wp:attachment":[{"href":"https:\/\/bosforcosmetic.com\/index.php?rest_route=%2Fwp%2Fv2%2Fmedia&parent=1357"}],"wp:term":[{"taxonomy":"product_brand","embeddable":true,"href":"https:\/\/bosforcosmetic.com\/index.php?rest_route=%2Fwp%2Fv2%2Fproduct_brand&post=1357"},{"taxonomy":"product_cat","embeddable":true,"href":"https:\/\/bosforcosmetic.com\/index.php?rest_route=%2Fwp%2Fv2%2Fproduct_cat&post=1357"},{"taxonomy":"product_tag","embeddable":true,"href":"https:\/\/bosforcosmetic.com\/index.php?rest_route=%2Fwp%2Fv2%2Fproduct_tag&post=1357"}],"curies":[{"name":"wp","href":"https:\/\/api.w.org\/{rel}","templated":true}]}}