{"id":1235,"date":"2025-07-13T11:30:34","date_gmt":"2025-07-13T11:30:34","guid":{"rendered":"https:\/\/bosforcosmetic.com\/?product=paco-rabanne-lady-million-royal-edp-80-ml"},"modified":"2025-07-13T11:30:36","modified_gmt":"2025-07-13T11:30:36","slug":"paco-rabanne-lady-million-royal-edp-80-ml","status":"publish","type":"product","link":"https:\/\/bosforcosmetic.com\/?product=paco-rabanne-lady-million-royal-edp-80-ml","title":{"rendered":"PACO RABANNE LADY M\u0130LL\u0130ON ROYAL EDP 80 ML"},"content":{"rendered":"<p>Paco Rabanne Lady Million Eau de Parfum, \u0131\u015f\u0131k sa&ccedil;an, b&uuml;y&uuml;leyici ve g&uuml;&ccedil;l&uuml; kad\u0131nlar i&ccedil;in tasarlanm\u0131\u015f \u015f\u0131k bir parf&uuml;md&uuml;r. Bu parf&uuml;m, zarif &ccedil;i&ccedil;eksi dokunu\u015flar\u0131, taze meyvemsi n&uuml;anslar\u0131 ve derin odunsu notalar\u0131yla modern bir ba\u015fyap\u0131tt\u0131r. &Uuml;st notalarda narenciye ve ahududu, canl\u0131 ve enerjik bir a&ccedil;\u0131l\u0131\u015f sunar. Kalp notalar\u0131nda portakal &ccedil;i&ccedil;e\u011fi ve yasemin, zarif ve sofistike bir &ccedil;i&ccedil;eksi his yarat\u0131r. Alt notalarda yer alan pa&ccedil;uli ve beyaz bal, parf&uuml;me s\u0131cakl\u0131k ve kal\u0131c\u0131l\u0131k kazand\u0131r\u0131r.<\/p>\n<h4>Notalar:<\/h4>\n<ul>\n<li><strong>&Uuml;st Notalar:<\/strong> Narenciye, Ahududu<\/li>\n<li><strong>Kalp Notalar\u0131:<\/strong> Portakal &Ccedil;i&ccedil;e\u011fi, Yasemin<\/li>\n<li><strong>Alt Notalar:<\/strong> Pa&ccedil;uli, Beyaz Bal<\/li>\n<\/ul>\n<p>Paco Rabanne Lady Million EDP, kad\u0131ns\u0131l\u0131\u011f\u0131 ve &ouml;zg&uuml;veni y&uuml;celten bir koku olarak her kad\u0131n\u0131n parf&uuml;m koleksiyonunda vazge&ccedil;ilmez bir yere sahip. G&uuml;n boyu kal\u0131c\u0131l\u0131\u011f\u0131yla hem g&uuml;nd&uuml;z hem gece kullan\u0131m\u0131na uygun olan bu parf&uuml;m, etkileyici bir stil ve unutulmaz bir iz b\u0131rakmak isteyen kad\u0131nlar i&ccedil;in ideal bir se&ccedil;imdir.<\/p>\n","protected":false},"excerpt":{"rendered":"<p>Paco Rabanne Lady Million Eau de Parfum, \u0131\u015f\u0131k sa&ccedil;an, b&uuml;y&uuml;leyici ve g&uuml;&ccedil;l&uuml; kad\u0131nlar i&ccedil;in tasarlanm\u0131\u015f \u015f\u0131k bir parf&uuml;md&uuml;r. Bu parf&uuml;m,<\/p>\n","protected":false},"featured_media":1237,"comment_status":"closed","ping_status":"open","template":"","meta":[],"product_brand":[82],"product_cat":[68],"product_tag":[],"class_list":{"0":"post-1235","1":"product","2":"type-product","3":"status-publish","4":"has-post-thumbnail","6":"product_brand-paco-rabanne","7":"product_cat-womens-perfume","9":"first","10":"instock","11":"purchasable","12":"product-type-simple"},"_links":{"self":[{"href":"https:\/\/bosforcosmetic.com\/index.php?rest_route=\/wp\/v2\/product\/1235","targetHints":{"allow":["GET"]}}],"collection":[{"href":"https:\/\/bosforcosmetic.com\/index.php?rest_route=\/wp\/v2\/product"}],"about":[{"href":"https:\/\/bosforcosmetic.com\/index.php?rest_route=\/wp\/v2\/types\/product"}],"replies":[{"embeddable":true,"href":"https:\/\/bosforcosmetic.com\/index.php?rest_route=%2Fwp%2Fv2%2Fcomments&post=1235"}],"version-history":[{"count":1,"href":"https:\/\/bosforcosmetic.com\/index.php?rest_route=\/wp\/v2\/product\/1235\/revisions"}],"predecessor-version":[{"id":1236,"href":"https:\/\/bosforcosmetic.com\/index.php?rest_route=\/wp\/v2\/product\/1235\/revisions\/1236"}],"wp:featuredmedia":[{"embeddable":true,"href":"https:\/\/bosforcosmetic.com\/index.php?rest_route=\/wp\/v2\/media\/1237"}],"wp:attachment":[{"href":"https:\/\/bosforcosmetic.com\/index.php?rest_route=%2Fwp%2Fv2%2Fmedia&parent=1235"}],"wp:term":[{"taxonomy":"product_brand","embeddable":true,"href":"https:\/\/bosforcosmetic.com\/index.php?rest_route=%2Fwp%2Fv2%2Fproduct_brand&post=1235"},{"taxonomy":"product_cat","embeddable":true,"href":"https:\/\/bosforcosmetic.com\/index.php?rest_route=%2Fwp%2Fv2%2Fproduct_cat&post=1235"},{"taxonomy":"product_tag","embeddable":true,"href":"https:\/\/bosforcosmetic.com\/index.php?rest_route=%2Fwp%2Fv2%2Fproduct_tag&post=1235"}],"curies":[{"name":"wp","href":"https:\/\/api.w.org\/{rel}","templated":true}]}}