{"id":1211,"date":"2025-07-13T11:30:34","date_gmt":"2025-07-13T11:30:34","guid":{"rendered":"https:\/\/bosforcosmetic.com\/?product=maison-francis-kurkdjian-a-la-rose-edp-parfum-70-ml"},"modified":"2025-07-13T11:30:35","modified_gmt":"2025-07-13T11:30:35","slug":"maison-francis-kurkdjian-a-la-rose-edp-parfum-70-ml","status":"publish","type":"product","link":"https:\/\/bosforcosmetic.com\/?product=maison-francis-kurkdjian-a-la-rose-edp-parfum-70-ml","title":{"rendered":"MA\u0130SON FRANC\u0130S KURKDJ\u0130AN A LA ROSE EDP PARF\u00dcM 70 ML"},"content":{"rendered":"<p><strong>Maison Francis Kurkdjian &Agrave; La Rose EDP 70 ml Parf&uuml;m<\/strong>, feminenli\u011fi ve zarafeti simgeleyen, g&uuml;l&uuml;n en saf ve taze halinden ilham al\u0131narak tasarlanm\u0131\u015f bir parf&uuml;md&uuml;r. Modern ve sofistike bir g&uuml;l parf&uuml;m&uuml; arayanlar i&ccedil;in m&uuml;kemmel bir se&ccedil;enek olan &Agrave; La Rose, &ccedil;i&ccedil;eksi ve taze notalar\u0131yla &ouml;ne &ccedil;\u0131kar. Hem zarif hem de kal\u0131c\u0131 etkisiyle her an\u0131n\u0131z\u0131 &ouml;zel k\u0131lar.<\/p>\n<ul>\n<li><strong>&Uuml;st Notalar:<\/strong> Portakal &ccedil;i&ccedil;e\u011fi ve taze misk notalar\u0131 ile a&ccedil;\u0131l\u0131\u015f yapar. Ferah ve hafif bir ba\u015flang\u0131&ccedil;, parf&uuml;m&uuml;n her an\u0131nda tazelik sunar.<\/li>\n<li><strong>Orta Notalar:<\/strong> G&uuml;l, elma &ccedil;i&ccedil;e\u011fi ve beyaz misk ile zenginle\u015fen bu kalp notalar\u0131, parf&uuml;me feminen ve zarif bir karakter kazand\u0131r\u0131r. G&uuml;l&uuml;n saf ve taze notalar\u0131, kokuya kal\u0131c\u0131 bir etki b\u0131rak\u0131r.<\/li>\n<li><strong>Alt Notalar:<\/strong> Odunsu notalar ve beyaz misk, parf&uuml;me derinlik ve s\u0131cakl\u0131k kazand\u0131rarak kokunun kal\u0131c\u0131 olmas\u0131n\u0131 sa\u011flar.<\/li>\n<\/ul>\n<p><strong>Maison Francis Kurkdjian &Agrave; La Rose<\/strong>, zarif ve sofistike bir parf&uuml;m arayan kad\u0131nlar i&ccedil;in ideal bir tercihtir. G&uuml;nl&uuml;k kullan\u0131ma uygun olan bu parf&uuml;m, hem ferah hem de etkileyici yap\u0131s\u0131yla her ortamda fark yarat\u0131r. Kal\u0131c\u0131 ve ince dokunu\u015flar\u0131yla sizi b&uuml;y&uuml;ler ve etraf\u0131n\u0131zdakiler &uuml;zerinde unutulmaz bir iz b\u0131rak\u0131r.<\/p>\n<p><strong>Maison Francis Kurkdjian &Agrave; La Rose ile zarafetinizi ortaya &ccedil;\u0131kar\u0131n ve g&uuml;l&uuml;n en g&uuml;zel halini teninizde hissedin!<\/strong><\/p>\n","protected":false},"excerpt":{"rendered":"<p>Maison Francis Kurkdjian &Agrave; La Rose EDP 70 ml Parf&uuml;m, feminenli\u011fi ve zarafeti simgeleyen, g&uuml;l&uuml;n en saf ve taze halinden<\/p>\n","protected":false},"featured_media":1213,"comment_status":"closed","ping_status":"open","template":"","meta":[],"product_brand":[],"product_cat":[68],"product_tag":[],"class_list":{"0":"post-1211","1":"product","2":"type-product","3":"status-publish","4":"has-post-thumbnail","6":"product_cat-womens-perfume","8":"first","9":"instock","10":"purchasable","11":"product-type-simple"},"_links":{"self":[{"href":"https:\/\/bosforcosmetic.com\/index.php?rest_route=\/wp\/v2\/product\/1211","targetHints":{"allow":["GET"]}}],"collection":[{"href":"https:\/\/bosforcosmetic.com\/index.php?rest_route=\/wp\/v2\/product"}],"about":[{"href":"https:\/\/bosforcosmetic.com\/index.php?rest_route=\/wp\/v2\/types\/product"}],"replies":[{"embeddable":true,"href":"https:\/\/bosforcosmetic.com\/index.php?rest_route=%2Fwp%2Fv2%2Fcomments&post=1211"}],"version-history":[{"count":1,"href":"https:\/\/bosforcosmetic.com\/index.php?rest_route=\/wp\/v2\/product\/1211\/revisions"}],"predecessor-version":[{"id":1212,"href":"https:\/\/bosforcosmetic.com\/index.php?rest_route=\/wp\/v2\/product\/1211\/revisions\/1212"}],"wp:featuredmedia":[{"embeddable":true,"href":"https:\/\/bosforcosmetic.com\/index.php?rest_route=\/wp\/v2\/media\/1213"}],"wp:attachment":[{"href":"https:\/\/bosforcosmetic.com\/index.php?rest_route=%2Fwp%2Fv2%2Fmedia&parent=1211"}],"wp:term":[{"taxonomy":"product_brand","embeddable":true,"href":"https:\/\/bosforcosmetic.com\/index.php?rest_route=%2Fwp%2Fv2%2Fproduct_brand&post=1211"},{"taxonomy":"product_cat","embeddable":true,"href":"https:\/\/bosforcosmetic.com\/index.php?rest_route=%2Fwp%2Fv2%2Fproduct_cat&post=1211"},{"taxonomy":"product_tag","embeddable":true,"href":"https:\/\/bosforcosmetic.com\/index.php?rest_route=%2Fwp%2Fv2%2Fproduct_tag&post=1211"}],"curies":[{"name":"wp","href":"https:\/\/api.w.org\/{rel}","templated":true}]}}