{"id":1175,"date":"2025-07-13T11:30:24","date_gmt":"2025-07-13T11:30:24","guid":{"rendered":"https:\/\/bosforcosmetic.com\/?product=hermes-terre-dhermes-edt-100-ml-erkek-parfum"},"modified":"2025-07-13T11:30:26","modified_gmt":"2025-07-13T11:30:26","slug":"hermes-terre-dhermes-edt-100-ml-erkek-parfum","status":"publish","type":"product","link":"https:\/\/bosforcosmetic.com\/?product=hermes-terre-dhermes-edt-100-ml-erkek-parfum","title":{"rendered":"HERMES TERRE D&#8217;HERMES EDT 100 ML ERKEK PARF\u00dcM"},"content":{"rendered":"<p><strong>Hermes Terre d&#8217;Hermes EDT 100 ml<\/strong>, toprak ve g&ouml;ky&uuml;z&uuml; aras\u0131ndaki ba\u011fdan ilham alarak yarat\u0131lm\u0131\u015f, g&uuml;&ccedil;l&uuml; ve derin bir erkek parf&uuml;m&uuml;d&uuml;r. Bu ikonik koku, do\u011fan\u0131n safl\u0131\u011f\u0131n\u0131 ve zarafetini bir araya getirerek, &ouml;zg&uuml;veni y&uuml;ksek erkeklere hitap eder. Baharatl\u0131 ve odunsu notalar\u0131n etkileyici birle\u015fimiyle kal\u0131c\u0131 bir iz b\u0131rak\u0131r.<\/p>\n<ul>\n<li><strong>&Uuml;st Notalar:<\/strong> Taze portakal ve greyfurt esintileriyle a&ccedil;\u0131l\u0131r. Bu turun&ccedil;gil notalar\u0131, parf&uuml;me dinamik ve enerjik bir giri\u015f kazand\u0131r\u0131r.<\/li>\n<li><strong>Orta Notalar:<\/strong> Sedir a\u011fac\u0131 ve biber ile harmanlanm\u0131\u015f s\u0131cak ve baharatl\u0131 orta notalar, kokuyu sofistike ve erkeksi bir hale getirir.<\/li>\n<li><strong>Alt Notalar:<\/strong> Vetiver, benzoin ve pa&ccedil;uli, topra\u011f\u0131n derinli\u011fini ve do\u011fan\u0131n g&uuml;c&uuml;n&uuml; yans\u0131tan alt notalarla son bulur. Parf&uuml;m, bu odunsu ve mineralli biti\u015f sayesinde kal\u0131c\u0131 ve etkileyici olur.<\/li>\n<\/ul>\n<p><strong>Hermes Terre d&#8217;Hermes<\/strong>, modern erke\u011fin do\u011fayla olan ba\u011f\u0131n\u0131 ve i&ccedil;sel g&uuml;c&uuml;n&uuml; d\u0131\u015far\u0131ya yans\u0131tan sofistike bir koku arayanlar i&ccedil;in m&uuml;kemmel bir se&ccedil;imdir. G&uuml;nl&uuml;k kullan\u0131mdan &ouml;zel etkinliklere kadar her an\u0131n\u0131za zarif bir dokunu\u015f katar.<\/p>\n<p><strong>Do\u011fan\u0131n g&uuml;&ccedil;l&uuml; ve zarif notalar\u0131yla kendinizi ifade edin; Hermes Terre d&#8217;Hermes ile iz b\u0131rak\u0131n!<\/strong><\/p>\n","protected":false},"excerpt":{"rendered":"<p>Hermes Terre d&#8217;Hermes EDT 100 ml, toprak ve g&ouml;ky&uuml;z&uuml; aras\u0131ndaki ba\u011fdan ilham alarak yarat\u0131lm\u0131\u015f, g&uuml;&ccedil;l&uuml; ve derin bir erkek parf&uuml;m&uuml;d&uuml;r.<\/p>\n","protected":false},"featured_media":1177,"comment_status":"closed","ping_status":"open","template":"","meta":[],"product_brand":[],"product_cat":[66],"product_tag":[],"class_list":{"0":"post-1175","1":"product","2":"type-product","3":"status-publish","4":"has-post-thumbnail","6":"product_cat-mens-perfume","8":"first","9":"instock","10":"purchasable","11":"product-type-simple"},"_links":{"self":[{"href":"https:\/\/bosforcosmetic.com\/index.php?rest_route=\/wp\/v2\/product\/1175","targetHints":{"allow":["GET"]}}],"collection":[{"href":"https:\/\/bosforcosmetic.com\/index.php?rest_route=\/wp\/v2\/product"}],"about":[{"href":"https:\/\/bosforcosmetic.com\/index.php?rest_route=\/wp\/v2\/types\/product"}],"replies":[{"embeddable":true,"href":"https:\/\/bosforcosmetic.com\/index.php?rest_route=%2Fwp%2Fv2%2Fcomments&post=1175"}],"version-history":[{"count":1,"href":"https:\/\/bosforcosmetic.com\/index.php?rest_route=\/wp\/v2\/product\/1175\/revisions"}],"predecessor-version":[{"id":1176,"href":"https:\/\/bosforcosmetic.com\/index.php?rest_route=\/wp\/v2\/product\/1175\/revisions\/1176"}],"wp:featuredmedia":[{"embeddable":true,"href":"https:\/\/bosforcosmetic.com\/index.php?rest_route=\/wp\/v2\/media\/1177"}],"wp:attachment":[{"href":"https:\/\/bosforcosmetic.com\/index.php?rest_route=%2Fwp%2Fv2%2Fmedia&parent=1175"}],"wp:term":[{"taxonomy":"product_brand","embeddable":true,"href":"https:\/\/bosforcosmetic.com\/index.php?rest_route=%2Fwp%2Fv2%2Fproduct_brand&post=1175"},{"taxonomy":"product_cat","embeddable":true,"href":"https:\/\/bosforcosmetic.com\/index.php?rest_route=%2Fwp%2Fv2%2Fproduct_cat&post=1175"},{"taxonomy":"product_tag","embeddable":true,"href":"https:\/\/bosforcosmetic.com\/index.php?rest_route=%2Fwp%2Fv2%2Fproduct_tag&post=1175"}],"curies":[{"name":"wp","href":"https:\/\/api.w.org\/{rel}","templated":true}]}}